 what is -241 + 33406023?
33405452
In base 4, what is -10 - 111323101020?
-111323101030
In base 11, what is -6a330 + -1369?
-70699
In base 6, what is -10 + -223555420?
-223555430
In base 12, what is -79a + -6957?
-7535
In base 15, what is 1ece11 - 8?
1ece08
In base 9, what is -34 - -8783076?
8783042
In base 6, what is 353 + 124534322?
124535115
In base 13, what is 2169 + -5898?
-372c
In base 7, what is -142441164 + 3?
-142441161
In base 6, what is 12054 - 1050443?
-1034345
In base 9, what is -1043 - -35683?
34640
In base 13, what is -aa3b99 - -13?
-aa3b86
In base 12, what is -142822 - -10?
-142812
In base 10, what is 2 - 36242441?
-36242439
In base 4, what is -131 - -1011111333020?
1011111332223
In base 2, what is 110100110001001000100110110 - 0?
110100110001001000100110110
In base 14, what is 76 - -10c113?
10c189
In base 16, what is 60e0 - 49?
6097
In base 15, what is 1 - 38e166?
-38e165
In base 3, what is 12210202200022 + -1?
12210202200021
In base 10, what is 11580942 - -5?
11580947
In base 4, what is -1122311213 - -13?
-1122311200
In base 11, what is 11 + -105440?
-10542a
In base 10, what is -52082 + -251?
-52333
In base 15, what is 4776b - -1268?
489d4
In base 7, what is 215624 + -5400?
210224
In base 14, what is -80a0 - 6d6a?
-1102a
In base 5, what is -3 + 1220421001?
1220420443
In base 4, what is -102311012031 + 10?
-102311012021
In base 10, what is -130 + -935038?
-935168
In base 12, what is -28b37441 - -1?
-28b37440
In base 3, what is -21 + -1222022212120000?
-1222022212120021
In base 16, what is b5d1ad - 5?
b5d1a8
In base 11, what is 718 - 5713?
-4aa6
In base 11, what is 62098 - -73?
62160
In base 5, what is -321 - -2312313?
2311442
In base 9, what is -5 + -30408116?
-30408122
In base 12, what is -924504 + -4?
-924508
In base 8, what is 573250 + -732?
572316
In base 14, what is b0c - 7502?
-67d4
In base 15, what is 2 + -23d3d94?
-23d3d92
In base 7, what is -31355 - -6106?
-22246
In base 2, what is -11101010110001101011011000 + -10?
-11101010110001101011011010
In base 3, what is -1110 + -2002001122222?
-2002001201102
In base 2, what is -11 + -1101000011000010111?
-1101000011000011010
In base 15, what is -391b9e - -5?
-391b99
In base 2, what is -10111101111111011110001110 - -10?
-10111101111111011110001100
In base 14, what is -37a5 + 7d01?
453a
In base 5, what is -4031030031 - -4?
-4031030022
In base 4, what is 100102 - 12213002?
-12112300
In base 7, what is 4234342 - -104?
4234446
In base 10, what is 5938685 - -81?
5938766
In base 3, what is -12212 - -10120212222?
10120200010
In base 6, what is -3 + -12432541221?
-12432541224
In base 3, what is 21 - -1022100012001?
1022100012022
In base 10, what is -2016 + -76522?
-78538
In base 14, what is 7 - -99648b2?
99648b9
In base 5, what is -12200142420 + -13?
-12200142433
In base 12, what is -6aa4241 - -5?
-6aa4238
In base 8, what is -20521163 + 4?
-20521157
In base 9, what is 34845220 + -2?
34845217
In base 3, what is -2122002 - 2122?
-2201201
In base 12, what is 18b71b179 + -4?
18b71b175
In base 12, what is -3a792 - -116?
-3a678
In base 4, what is 10 + -23201002103?
-23201002033
In base 13, what is 236b8c + -3?
236b89
In base 7, what is 3242 + -1252504?
-1246232
In base 6, what is 14525532234 + 0?
14525532234
In base 12, what is -244b9 + -181?
-2467a
In base 4, what is 103101131311002 - 10?
103101131310332
In base 7, what is 5 + -1403344301?
-1403344263
In base 10, what is 3636 - 292?
3344
In base 7, what is -103 + -10204354?
-10204460
In base 10, what is 188 + -135849?
-135661
In base 5, what is -202211240003 - 4?
-202211240012
In base 10, what is 913486 - 4?
913482
In base 5, what is -40420 - 2001041?
-2042011
In base 12, what is 3 - -965513?
965516
In base 16, what is c0c + -9d7d?
-9171
In base 5, what is -414122 - -32011?
-332111
In base 2, what is -10100 - -1001011001111000101?
1001011001110110001
In base 13, what is 1 + -b09598?
-b09597
In base 10, what is -7688443 - -1?
-7688442
In base 16, what is -26 + ac093?
ac06d
In base 2, what is -10 + 11100111011110011001100010?
11100111011110011001100000
In base 14, what is 797 + 73856?
7420d
In base 8, what is -2405 - -37606?
35201
In base 4, what is -121021111 - 2011?
-121023122
In base 9, what is -110 + -314332?
-314442
In base 5, what is 311 - 104400030?
-104344214
In base 16, what is 0 + 543de3?
543de3
In base 5, what is -124 + 320340121?
320334442
In base 10, what is -24285584 + -9?
-24285593
In base 16, what is 329f3 + -7b2?
32241
In base 11, what is -1365896 + 52?
-1365844
In base 4, what is -123 + 1123313231?
1123313102
In base 15, what is 576b529 - -4?
576b52d
In base 13, what is -172 + 758211?
75806c
In base 2, what is -1011011110010 - -11011100101?
-1000000001101
In base 2, what is 10011010111 + 11100110001110100?
11101000101001011
In base 10, what is 2645 + -2904?
-259
In base 10, what is -45012 - -88?
-44924
In base 11, what is -4 + -17600215?
-17600219
In base 15, what is 6 - -4ee743?
4ee749
In base 8, what is -1176 - 252517?
-253715
In base 3, what is 202 - -2211010112011?
2211010112220
In base 5, what is 100043 + -3104112?
-3004014
In base 8, what is -3041456026 + -4?
-3041456032
In base 11, what is -23308 - 8a42?
-3124a
In base 6, what is 10313352253 + 5?
10313352302
In base 6, what is -14 + -22501422?
-22501440
In base 5, what is -1142444431 + -3?
-1142444434
In base 13, what is 15 - -470c269?
470c281
In base 9, what is 2 - 85578515?
-85578513
In base 14, what is 15c790a + 11?
15c791b
In base 2, what is 101 - 1111101011110010000001?
-1111101011110001111100
In base 14, what is -1a4319 - 50?
-1a4369
In base 14, what is -c7845c + 4?
-c78458
In base 16, what is -188f + 49e?
-13f1
In base 9, what is -4 - -13772133?
13772128
In base 7, what is -2 + 354216413?
354216411
In base 2, what is -101100101110100010 - 1001011?
-101100101111101101
In base 5, what is -20343 + -312013?
-332411
In base 8, what is -77536 + -13043?
-112601
In base 13, what is 246 + 4c83a7?
4c8620
In base 15, what is 9 - ee981?
-ee977
In base 14, what is -4 - -5b0001?
5adddb
In base 6, what is -124053451 - 2322?
-124100213
In base 7, what is 6353 - 164463?
-155110
In base 6, what is -321545540332 + 5?
-321545540323
In base 16, what is -76944b + -5?
-769450
In base 9, what is 2 + -2166051?
-2166048
In base 4, what is 3 - 1013230101332?
-1013230101323
In base 4, what is 33 - 103103023?
-103102330
In base 6, what is 225230123 + -323?
225225400
In base 12, what is 4 + -2205299?
-2205295
In base 6, what is 3 - -1003104120?
1003104123
In base 9, what is 380 + 585010?
585400
In base 7, what is -23246410 - 1?
-23246411
In base 3, what is -202020111012 - -20210?
-202020020102
In base 13, what is 139 - a3a92?
-a3956
In base 13, what is 122 + -1a2904?
-1a27b2
In base 14, what is 76 - c0190?
-c0118
In base 4, what is -2 - -103103201313?
103103201311
In base 13, what is 2941 + 477?
30b8
In base 13, what is -1 + a916a?
a9169
In base 4, what is -30203 + -2211130?
-2301333
In base 11, what is 50136 - -a094?
5a21a
In base 11, what is -207a451 + -2a?
-207a480
In base 9, what is -5 + -76664712?
-76664717
In base 6, what is -14532 + -404433?
-423405
In base 2, what is -1110001101011111011010100 + 101?
-1110001101011111011001111
In base 10, what is 3632 - -1277?
4909
In base 10, what is -926 - -58440?
57514
In base 9, what is 36865058 + 21?
36865080
In base 6, what is 340 - -403?
1143
In base 12, what is 1689 - -363?
1a30
In base 6, what is -34 - 2542205304?
-2542205342
In base 3, what is -1021001002122022 + -11?
-1021001002122110
In base 10, what is -22258 + 1209?
-21049
In base 9, what is 2 - 4071482?
-4071480
In base 15, what is -1ee - 2837b?
-2857a
In base 2, what is 10101001001101001101110 - 10?
10101001001101001101100
In base 11, what is -7419 - -1793?
-5736
In base 10, what is 151573 - 21?
151552
In base 9, what is 2227 - -147164?
150402
In base 2, what is 1000011101100000 - -110010110?
1000100011110110
In base 10, what is 5 - -904313?
904318
In base 7, what is 3 - 305301146?
-305301143
In base 16, what is 31a3 - -7b47?
acea
In base 13, what is 10b378895 - 2?
10b378893
In base 6, what is -12435241 - 1?
-12435242
In base 6, what is -151114502 - 102?
-151115004
In base 7, what is 21660662 + -4?
21660655
In base 15, what is -33d318d3 + 1?
-33d318d2
In base 9, what is 2 - -45